{"id":788,"date":"2018-02-22T16:09:20","date_gmt":"2018-02-22T15:09:20","guid":{"rendered":"http:\/\/www.elcarmel.org\/?page_id=788"},"modified":"2025-01-20T14:48:33","modified_gmt":"2025-01-20T13:48:33","slug":"membres-de-la-coordinadora-dentitats-del-carmel","status":"publish","type":"page","link":"https:\/\/www.elcarmel.org\/?page_id=788","title":{"rendered":"Membres de la Coordinadora d&#8217;Entitats del Carmel"},"content":{"rendered":"<p>&nbsp;<\/p>\n<p>Associaci\u00f3 d&#8217;Alumnes Ferran Tallada<\/p>\n<p>Associaci\u00f3 d&#8217;Entreteniment GRUPO DANCE<\/p>\n<p>Associaci\u00f3 Mares i Pares d&#8217;Alumnes &#8211; Institut Ferran Tallada<\/p>\n<p>Asociaci\u00f3n Cultural Recreativa 40 p&#8217;arriba 40 p&#8217;abajo<\/p>\n<p>Associaci\u00f3 Cultural Urbans<\/p>\n<p>Cultural Deportiva Carmel<\/p>\n<p>Associaci\u00f3 Carmel&nbsp; a la Vista<\/p>\n<p>Club Bitlles COP<\/p>\n<p>Diables del Carmel<\/p>\n<p>Fundaci\u00f3 Tres Turons<\/p>\n<p>Trabucaires d&#8217;en Perot Rocaguinarda<\/p>\n<p>Treballem per Cuba Treballem per Boyeros<\/p>\n<p>U.D. Pastrana<\/p>\n","protected":false},"excerpt":{"rendered":"<p>&nbsp; Associaci\u00f3 d&#8217;Alumnes Ferran Tallada Associaci\u00f3 d&#8217;Entreteniment GRUPO DANCE Associaci\u00f3 Mares i Pares d&#8217;Alumnes &#8211; Institut Ferran Tallada Asociaci\u00f3n Cultural Recreativa 40 p&#8217;arriba 40 p&#8217;abajo Associaci\u00f3 Cultural Urbans Cultural Deportiva Carmel Associaci\u00f3 Carmel&nbsp; a la Vista Club Bitlles COP Diables del Carmel Fundaci\u00f3 Tres Turons Trabucaires d&#8217;en Perot Rocaguinarda Treballem per Cuba Treballem per Boyeros &hellip; <a href=\"https:\/\/www.elcarmel.org\/?page_id=788\" class=\"more-link\">Sigue leyendo <span class=\"screen-reader-text\">Membres de la Coordinadora d&#8217;Entitats del Carmel<\/span><\/a><\/p>\n","protected":false},"author":1,"featured_media":0,"parent":0,"menu_order":0,"comment_status":"closed","ping_status":"closed","template":"","meta":{"ngg_post_thumbnail":0,"footnotes":""},"class_list":["post-788","page","type-page","status-publish","hentry"],"_links":{"self":[{"href":"https:\/\/www.elcarmel.org\/index.php?rest_route=\/wp\/v2\/pages\/788","targetHints":{"allow":["GET"]}}],"collection":[{"href":"https:\/\/www.elcarmel.org\/index.php?rest_route=\/wp\/v2\/pages"}],"about":[{"href":"https:\/\/www.elcarmel.org\/index.php?rest_route=\/wp\/v2\/types\/page"}],"author":[{"embeddable":true,"href":"https:\/\/www.elcarmel.org\/index.php?rest_route=\/wp\/v2\/users\/1"}],"replies":[{"embeddable":true,"href":"https:\/\/www.elcarmel.org\/index.php?rest_route=%2Fwp%2Fv2%2Fcomments&post=788"}],"version-history":[{"count":7,"href":"https:\/\/www.elcarmel.org\/index.php?rest_route=\/wp\/v2\/pages\/788\/revisions"}],"predecessor-version":[{"id":1342,"href":"https:\/\/www.elcarmel.org\/index.php?rest_route=\/wp\/v2\/pages\/788\/revisions\/1342"}],"wp:attachment":[{"href":"https:\/\/www.elcarmel.org\/index.php?rest_route=%2Fwp%2Fv2%2Fmedia&parent=788"}],"curies":[{"name":"wp","href":"https:\/\/api.w.org\/{rel}","templated":true}]}}